101 - 51. Calculate the remainder when m is divided by q(1).
16
Suppose -2*x = -4, -y - 4*x - 230 = -3*y. Calculate the remainder when y is divided by 41.
37
Let z be (-72)/1*(-5)/(-10). Let x = -4 - z. Let a = x + -3. What is the remainder when a is divided by 10?
9
Suppose -r + 3*j + 195 = 0, 975 = -7*r + 12*r + 4*j. Calculate the remainder when r is divided by 9.
6
Suppose 104 = 2*g - 0*g. Let i = g + -32. What is the remainder when 39 is divided by i?
19
Let n = 4 + 14. Let z = 226 + -156. Calculate the remainder when z is divided by n.
16
Calculate the remainder when 82 is divided by (-2 - 66/(-6)) + 3.
10
Let m(a) = -5*a**3 + 4*a**2 + 5*a + 1. Let p(r) = -6*r**3 + 3*r**2 + 4*r + 1. Let g(t) = 4*m(t) - 5*p(t). What is the remainder when 18 is divided by g(1)?
8
Let v(r) = -5*r**2 + 12*r**2 + 3*r + 1 - 2*r. Calculate the remainder when v(-1) is divided by 3.
1
Suppose 2 = -4*j + 26. What is the remainder when j is divided by 2?
0
Let v be (-1)/4 + 219/12. Suppose -2*w + 6 = -v. What is the remainder when 35 is divided by w?
11
Suppose f + 11 = 2*g, 3*g - 18 = 3*f + 6. Suppose -o + 6*o - 75 = 0. Suppose 5*n - 4*p = 52, 3*p = -2*p - o. Calculate the remainder when n is divided by g.
2
Suppose 0*q + q - 3 = 0. Let w(g) = 3*g + 2. Suppose 10 = 7*d - 2*d. Calculate the remainder when w(d) is divided by q.
2
Let t(a) be the first derivative of -a**4/4 - 4*a**3/3 + a**2/2 + 4*a - 2. What is the remainder when t(-5) is divided by 13?
11
Let p(j) = -j + 10. Let h be p(8). Suppose 3*m + 2*i + 0*i = 34, 0 = m - 4*i - h. Let y(l) = -4*l**3 - l - 1. What is the remainder when m is divided by y(-1)?
2
Suppose 0*f - 2*f + 60 = 0. Let z(y) = 0 - y**2 - 4 + 2*y - y**2 + 3*y**2. Calculate the remainder when f is divided by z(3).
8
What is the remainder when (-15)/2*(-32)/40 is divided by 3?
0
Suppose 3*j = -3*j + 60. What is the remainder when 38 is divided by j?
8
Suppose 5*q - 86 = 3*q. What is the remainder when q is divided by 15?
13
Let a = -2 - -3. Suppose -2*o = -3*x, -2*x = 3*x - 3*o - a. Suppose 3*s = 13 + 2. Calculate the remainder when s is divided by x.
1
Let m be (104/39)/(2/15). Let c = 34 - m. What is the remainder when 53 is divided by c?
11
Suppose -65 = 20*h - 25*h. What is the remainder when 2/3*69/2 is divided by h?
10
What is the remainder when (-8)/16*(-197 - 1) is divided by 34?
31
Let q(x) = x**3 - 21*x**2 + 21*x - 15. Let b(y) = -8*y - 3. What is the remainder when b(-2) is divided by q(20)?
3
Let k(y) = 2*y**2 + y + 1. Let o be k(-1). Suppose 0 = o*j - 137 + 23. Calculate the remainder when j is divided by 15.
12
Suppose -4*k + 353 = 81. What is the remainder when k is divided by 35?
33
Suppose -3*w + 423 = -2*v, -2*w = 4*v + 72 - 370. What is the remainder when w is divided by 29?
27
Suppose 2*x - 70 = -3*s, -4*s = -4*x + 3*x - 97. Let y = -19 + s. What is the remainder when 8 is divided by y?
3
Suppose -2*d = -5*f + 7, -5*d + 15 = -5. Suppose -53 = -f*b - 14. Calculate the remainder when (-3381)/(-91) - (-2)/(-13) is divided by b.
11
What is the remainder when 2027/9 + (-24)/108 is divided by 58?
51
Let b(l) = l**3 + 7*l**2 + 7. What is the remainder when 20 is divided by b(-7)?
6
Let z = -35 + 64. Suppose -c + 121 = c - n, 0 = -4*c + 3*n + 241. What is the remainder when z is divided by (-1)/4 + c/4?
14
What is the remainder when 39 is divided by 288/28 - (-10)/(-35)?
9
Suppose 3*x = u + 5, -3*u = -5*u - x + 25. Suppose -2 = -4*r + u. What is the remainder when 5 is divided by r?
2
Suppose -4*n = -2*n - 4. Suppose -n*y = -5*q + 169, 2*q - y = -0*q + 68. What is the remainder when q is divided by 12?
9
Let d be (3 - (-15)/(-6))*0. Calculate the remainder when (-1)/(-4) - 105/(-12) is divided by d + -2 + -2 + 7.
0
Suppose -4*d + 2 + 6 = 0. Let v(l) = -l**2 + 11*l - 13. Let b be v(9). Let j = b - d. Calculate the remainder when j is divided by 2.
1
Let r(q) = -q**2 + 6*q - 5. Suppose 0*i = -2*c + 3*i + 29, -c - 3*i = 8. What is the remainder when c is divided by r(4)?
1
Let x = -12 - -16. Suppose -5*f - 2*w + 60 = w, 24 = 2*f + x*w. What is the remainder when 22 is divided by f?
10
Suppose -9 - 33 = -3*w. What is the remainder when 54 is divided by w?
12
Suppose -d - t + 0*t - 1 = 0, -3*t - 7 = 2*d. Suppose -r = -d*r + 30. Let u(i) = i**3 + 9*i**2 + 5*i - 6. Calculate the remainder when u(-8) is divided by r.
8
Suppose 0 = -4*w + 120 + 4. Suppose 4*u - 4*n - 50 = -6, w = u - 5*n. What is the remainder when u is divided by 4?
2
Let y = -6 + 2. Let n = 6 + -2. What is the remainder when y*(0 - 33/12) is divided by n?
3
Let r = -13 - -25. Let w(i) = i**3 + i**2 + i + 35. What is the remainder when w(0) is divided by r?
11
Let r(o) = -o**3 - 7*o**2 - 7*o + 3. Let a = 15 + -9. Suppose a*p - 125 = p. Calculate the remainder when p is divided by r(-6).
7
Let s be (5/3)/(1/(-30)). Let h = 99 + s. Let x = 70 - h. What is the remainder when x is divided by 6?
3
Suppose -2*p - 2*p + 84 = 0. Calculate the remainder when p is divided by 11.
10
Let q(f) = 2*f**3 - 3*f**2 + f + 1. Suppose 6*h - 2*h - 12 = 0. What is the remainder when q(2) is divided by h?
1
Let n(a) = -3 + a + 1 + 1. Suppose 1 = -4*c + 9. What is the remainder when n(6) is divided by c?
1
Let x(d) = d**2 - 3*d - 42. What is the remainder when x(10) is divided by 10?
8
Suppose o - 2*t + 6 = 1, -3*o + 35 = 4*t. Suppose 0 = -o*g - 10 - 15. What is the remainder when g - -10 - (-1)/(-1) is divided by 2?
0
Suppose -5*y = 4*d - 18 - 87, y - 22 = -d. Calculate the remainder when y is divided by 10.
7
Suppose -14 = -2*j - 54. Let b(s) = -s**2 - 2*s + 12. Let k be b(6). Let o = j - k. What is the remainder when o is divided by 9?
7
Let h = 5 + -2. Calculate the remainder when 9 is divided by h.
0
Suppose -4*l + 5*b = -83, 1 = 3*l + 2*b - 44. What is the remainder when 55 is divided by l?
4
Suppose 2 = -2*d + 4*d, 5*d = -p + 6. Let s(x) = 64*x**2. What is the remainder when s(p) is divided by 22?
20
Let v = -10 + 37. What is the remainder when v is divided by 14?
13
Let v(t) = -t**3 - 9*t**2 + 4*t + 4. Calculate the remainder when v(-10) is divided by 22.
20
Let u be (-62)/4*2*-1. Let q = u + -19. What is the remainder when 44 is divided by q?
8
Let t = -3 - -5. Suppose x - t*b = 0, -3*x - 13 = 3*b - 58. Calculate the remainder when 18 is divided by x.
8
Suppose 114 = 3*s + 3*u, -2*s + 21 + 47 = 4*u. What is the remainder when 248 is divided by s?
38
What is the remainder when 36 is divided by 42/(-147) - 186/(-14)?
10
Suppose -3*c = q + 232 + 97, 0 = 4*q + 8. Let x = -70 - c. Calculate the remainder when x is divided by 20.
19
Suppose -3*p = p - 12. Suppose -5*z = -12 - p. What is the remainder when (-12 - -1)/(1 + -2) is divided by z?
2
Let m(r) = -4*r + r - r + r. What is the remainder when 17 is divided by m(-2)?
5
Let o(v) = -v**3 - 24*v**2 - 2*v + 21. Calculate the remainder when o(-24) is divided by 15.
9
Let d(n) = 6*n**2 + 2*n + 1. Let s be d(-5). Suppose -3*q + 5*x = -6*q + s, -2*q - x = -94. Calculate the remainder when q is divided by 12.
11
Let u(w) = 17*w - 49. What is the remainder when u(6) is divided by (-1 - -3) + 18 + -1?
15
Let l(r) = -6*r + 3. Let o be l(2). Let b(p) = 11 - 2*p**2 + 5*p**2 - 4*p**2 - 12*p + p. What is the remainder when b(o) is divided by 15?
14
Suppose 3*z - 255 = 105. What is the remainder when z is divided by 31?
27
Let d(c) = 1. Let l(t) = -t - 6. Let v(q) = -2*d(q) - l(q). Let z = 9 + -6. Calculate the remainder when 19 is divided by v(z).
5
Let f = -19 - -11. Let l = 26 + f. What is the remainder when 34 is divided by l?
16
Suppose -f = -0*f - 86. What is the remainder when 6/(-42) + f/14 is divided by 2?
0
Let s = -2 + 6. Suppose 2*f = -q - 6, -5*q + 0*f = s*f. Suppose 4*v - 4*r - 33 + 13 = 0, 0 = 3*v - 4*r - 13. What is the remainder when v is divided by q?
3
Let b = -97 - -116. Calculate the remainder when 45 is divided by b.
7
Suppose 0 = -4*u + u + 198. Suppose 0 = j + 8 - u. What is the remainder when j is divided by ((-4)/(-2) - 2) + 20?
18
Let a(s) = s**2 - 8*s - 19. Let h be a(9). What is the remainder when (h/20)/(1/(-58)) is divided by 16?
13
Suppose -5*a + 29 = -76. What is the remainder when 59 is divided by a?
17
Let d be (-48)/(-18)*(-3)/2. What is the remainder when 31 - d - (-1 - 1) is divided by 19?
18
Calculate the remain